{"id":188,"date":"2019-12-14T15:37:51","date_gmt":"2019-12-14T14:37:51","guid":{"rendered":"https:\/\/www.tanahlot.de\/?page_id=188"},"modified":"2019-12-14T15:37:51","modified_gmt":"2019-12-14T14:37:51","slug":"solax-x-hybrid","status":"publish","type":"page","link":"https:\/\/www.tanahlot.de\/index.php\/produkte\/photovoltaik\/solax-x-hybrid\/","title":{"rendered":"SOLAX X-Hybrid"},"content":{"rendered":"\n<p class=\"has-text-align-center\">VERBRAUCHEN SIE DIE ENERGIE, SPEICHERN SIE DIE ENERGIE,<br>ODER SPEISEN SIE DIE ENERGIE INS NETZ,<br>MIT X-HYBRID IST DAS NUN M\u00d6GLICH<\/p>\n\n\n\n<p>Erreichen Sie Unabh\u00e4ngigkeit von traditionellen Stromversorgern und ziehen Sie die intelligente Baureihe SolaX Hybrid mit Ladeger\u00e4t in Betracht.<\/p>\n\n\n\n<p>Bekanntlich erzeugen Sonnenkollektoren die meiste Energie w\u00e4hrend des Tages, wenn die Sonne scheint und wenn Sie und Ihre Familie gew\u00f6hnlich den geringsten Stromverbrauch haben.<\/p>\n\n\n\n<p>Mit st\u00e4ndig steigenden Strompreisen und einem kontinuierlich abnehmenden Einspeisungstarif m\u00fcssen Sie das meiste aus Ihrer Solarenergie machen. Unser X-Hybrid \u201eEnergiespeichersystem<br>\nzur Eigennutzung\u201c ist die perfekte L\u00f6sung f\u00fcr dieses Problem und um das meiste aus Ihrer Solarenergie herauszuholen, heute und in Zukunft. Unsere Hybrid-L\u00f6sung erm\u00f6glicht die<br>\nNutzung der Solarenergie unabh\u00e4ngig vom Zeitpunkt der Erzeugung, indem ungenutzte Kapazit\u00e4ten gespeichert werden. Das System wandelt Sonnenenergie in Strom um und lenkt ihn<br>\ndort hin, wo er gebraucht wird, wann er gebraucht wird.<\/p>\n\n\n\n<figure class=\"wp-block-gallery columns-2 wp-block-gallery-1 is-layout-flex wp-block-gallery-is-layout-flex\"><ul class=\"blocks-gallery-grid\"><li class=\"blocks-gallery-item\"><figure><img loading=\"lazy\" decoding=\"async\" width=\"597\" height=\"134\" src=\"https:\/\/www.tanahlot.de\/wp-content\/uploads\/2019\/12\/solax_system_2.png\" alt=\"\" data-id=\"191\" data-full-url=\"https:\/\/www.tanahlot.de\/wp-content\/uploads\/2019\/12\/solax_system_2.png\" data-link=\"https:\/\/www.tanahlot.de\/?attachment_id=191\" class=\"wp-image-191\" srcset=\"https:\/\/www.tanahlot.de\/wp-content\/uploads\/2019\/12\/solax_system_2.png 597w, https:\/\/www.tanahlot.de\/wp-content\/uploads\/2019\/12\/solax_system_2-300x67.png 300w, https:\/\/www.tanahlot.de\/wp-content\/uploads\/2019\/12\/solax_system_2-425x95.png 425w\" sizes=\"auto, (max-width: 597px) 100vw, 597px\" \/><\/figure><\/li><li class=\"blocks-gallery-item\"><figure><img loading=\"lazy\" decoding=\"async\" width=\"1024\" height=\"470\" src=\"https:\/\/www.tanahlot.de\/wp-content\/uploads\/2019\/12\/solax_system-1024x470-1.png\" alt=\"\" data-id=\"192\" data-full-url=\"https:\/\/www.tanahlot.de\/wp-content\/uploads\/2019\/12\/solax_system-1024x470-1.png\" data-link=\"https:\/\/www.tanahlot.de\/?attachment_id=192\" class=\"wp-image-192\" srcset=\"https:\/\/www.tanahlot.de\/wp-content\/uploads\/2019\/12\/solax_system-1024x470-1.png 1024w, https:\/\/www.tanahlot.de\/wp-content\/uploads\/2019\/12\/solax_system-1024x470-1-300x138.png 300w, https:\/\/www.tanahlot.de\/wp-content\/uploads\/2019\/12\/solax_system-1024x470-1-768x353.png 768w, https:\/\/www.tanahlot.de\/wp-content\/uploads\/2019\/12\/solax_system-1024x470-1-425x195.png 425w, https:\/\/www.tanahlot.de\/wp-content\/uploads\/2019\/12\/solax_system-1024x470-1-840x385.png 840w\" sizes=\"auto, (max-width: 1024px) 100vw, 1024px\" \/><\/figure><\/li><\/ul><figcaption class=\"blocks-gallery-caption\">Arbeitsweise Hybrid<\/figcaption><\/figure>\n\n\n\n<h4 class=\"wp-block-heading\">Im Vergleich zu einem herk\u00f6mmlichen netzverbundenen Solarsystem<\/h4>\n\n\n\n<ul class=\"wp-block-list\"><li>Sie sparen bei Ihrer Stromrechnung, indem Sie den Anteil selbst genutzter Energie, die von Ihrem Solarsystem erzeugt wurde, von 30 % auf \u00fcber 70 % erh\u00f6hen.<\/li><li>Sie machen sich von den st\u00e4ndig steigenden Strompreisen unabh\u00e4ngig.<\/li><li>Sie verringern die Belastung des Stromnetzes, indem die Einspeisung Ihres Solarstrom verringert wird.<\/li><li>Sie verwalten den Verbrauch und die Erzeugung auf dem Grundst\u00fcck ferngesteuert \u00fcber die integrierte CT- und WLAN-\u00dcberwachungsl\u00f6sung.<\/li><\/ul>\n\n\n\n<p><\/p>\n","protected":false},"excerpt":{"rendered":"<p>VERBRAUCHEN SIE DIE ENERGIE, SPEICHERN SIE DIE ENERGIE,ODER SPEISEN SIE DIE ENERGIE INS NETZ,MIT X-HYBRID IST DAS NUN M\u00d6GLICH Erreichen Sie Unabh\u00e4ngigkeit von traditionellen Stromversorgern und ziehen Sie die intelligente Baureihe SolaX Hybrid mit Ladeger\u00e4t in Betracht. Bekanntlich erzeugen Sonnenkollektoren die meiste Energie w\u00e4hrend des Tages, wenn die Sonne scheint und wenn Sie und Ihre Familie gew\u00f6hnlich den geringsten Stromverbrauch haben. Mit st\u00e4ndig steigenden Strompreisen und einem kontinuierlich abnehmenden Einspeisungstarif m\u00fcssen Sie das meiste aus Ihrer Solarenergie machen. Unser X-Hybrid \u201eEnergiespeichersystem zur Eigennutzung\u201c ist die perfekte L\u00f6sung f\u00fcr dieses Problem und um das meiste aus Ihrer Solarenergie herauszuholen, heute und in Zukunft. Unsere Hybrid-L\u00f6sung erm\u00f6glicht<a class=\"more-link\" href=\"https:\/\/www.tanahlot.de\/index.php\/produkte\/photovoltaik\/solax-x-hybrid\/\">Read More &rarr;<\/a><\/p>\n","protected":false},"author":1,"featured_media":0,"parent":140,"menu_order":0,"comment_status":"closed","ping_status":"closed","template":"","meta":{"footnotes":""},"class_list":["entry","page","publish","author-wptanaadmin","post-188"],"_links":{"self":[{"href":"https:\/\/www.tanahlot.de\/index.php\/wp-json\/wp\/v2\/pages\/188","targetHints":{"allow":["GET"]}}],"collection":[{"href":"https:\/\/www.tanahlot.de\/index.php\/wp-json\/wp\/v2\/pages"}],"about":[{"href":"https:\/\/www.tanahlot.de\/index.php\/wp-json\/wp\/v2\/types\/page"}],"author":[{"embeddable":true,"href":"https:\/\/www.tanahlot.de\/index.php\/wp-json\/wp\/v2\/users\/1"}],"replies":[{"embeddable":true,"href":"https:\/\/www.tanahlot.de\/index.php\/wp-json\/wp\/v2\/comments?post=188"}],"version-history":[{"count":5,"href":"https:\/\/www.tanahlot.de\/index.php\/wp-json\/wp\/v2\/pages\/188\/revisions"}],"predecessor-version":[{"id":195,"href":"https:\/\/www.tanahlot.de\/index.php\/wp-json\/wp\/v2\/pages\/188\/revisions\/195"}],"up":[{"embeddable":true,"href":"https:\/\/www.tanahlot.de\/index.php\/wp-json\/wp\/v2\/pages\/140"}],"wp:attachment":[{"href":"https:\/\/www.tanahlot.de\/index.php\/wp-json\/wp\/v2\/media?parent=188"}],"curies":[{"name":"wp","href":"https:\/\/api.w.org\/{rel}","templated":true}]}}